{"id":5496,"date":"2025-07-29T10:33:12","date_gmt":"2025-07-29T10:33:12","guid":{"rendered":"https:\/\/www.cdcargo.cz\/kontakt\/bednar-vaclav-ing-3\/"},"modified":"2026-01-09T12:55:22","modified_gmt":"2026-01-09T12:55:22","slug":"bednar-vaclav-ing-3","status":"publish","type":"kontakt","link":"https:\/\/www.cdcargo.cz\/de\/kontakt\/bednar-vaclav-ing-3\/","title":{"rendered":"Bedn\u00e1\u0159 V\u00e1clav, Ing."},"content":{"rendered":"","protected":false},"featured_media":0,"template":"","meta":{"_acf_changed":true},"rubrika-kontaktu":[517],"class_list":["post-5496","kontakt","type-kontakt","status-publish","hentry","rubrika-kontaktu-ostravsko"],"acf":[],"_links":{"self":[{"href":"https:\/\/www.cdcargo.cz\/de\/wp-json\/wp\/v2\/kontakt\/5496","targetHints":{"allow":["GET"]}}],"collection":[{"href":"https:\/\/www.cdcargo.cz\/de\/wp-json\/wp\/v2\/kontakt"}],"about":[{"href":"https:\/\/www.cdcargo.cz\/de\/wp-json\/wp\/v2\/types\/kontakt"}],"wp:attachment":[{"href":"https:\/\/www.cdcargo.cz\/de\/wp-json\/wp\/v2\/media?parent=5496"}],"wp:term":[{"taxonomy":"rubrika-kontaktu","embeddable":true,"href":"https:\/\/www.cdcargo.cz\/de\/wp-json\/wp\/v2\/rubrika-kontaktu?post=5496"}],"curies":[{"name":"wp","href":"https:\/\/api.w.org\/{rel}","templated":true}]}}

Bednář Václav, Ing.
